t of 15/c*(-2)/5*-38?
1
Let k(y) = y**2 + 3*y + 175. Let j be k(0). Suppose t + 59 = i, 3*t = 3*i - t - j. What is the tens digit of i?
6
Let v be ((-8)/(-16))/((-2)/(-88)). Suppose -5*f - v = -442. What is the tens digit of f?
8
Suppose -3*w - 103 = 5*i + 22, 4*w + 42 = -i. Let n = i - -38. What is the tens digit of n?
1
Suppose 5*u + 0*a + 22 = -a, 5*a = 15. What is the units digit of 70 - (u + 2)*1?
3
Let r = 9 + -6. Let p be 0/(-2 + 3/r). Suppose 0 = -4*v - 4*u + 28, p = u + 7 - 4. What is the tens digit of v?
1
Suppose -17 = 4*a + 3. Let d be -8 - a - (0 - 37). What is the tens digit of d/(-4)*(-36)/18?
1
Let u(b) = b - 3. Let i(t) = -3*t - 16. Let s be i(-7). What is the units digit of u(s)?
2
Let v = -724 + 3075. What is the thousands digit of v?
2
Let d be (-10 + 2)/(-1 - -3) + 9. Suppose 0 = -2*z + 223 + d. What is the tens digit of z?
1
Suppose -2*y + 7 = -2*w - 1, -16 = -3*y + 5*w. Suppose 0 = 4*s - y*s - 118. What is the units digit of s?
9
Let w be (-5 - -9) + -13*3. Let y be 10/w + (-30)/(-7). Suppose 4*a + 2*k - 56 = y*k, -11 = -a + 2*k. What is the tens digit of a?
1
Let v be (-2)/(-10) + 12/(-60). Suppose -2*m + 4*m - 150 = v. What is the units digit of m?
5
Suppose 0 = 10*k - 14*k + 240. Suppose 4*u + 3*c - 541 = -k, -u + c = -129. What is the hundreds digit of u?
1
Let x(c) = -52*c + 12. Let h be -4*(-4)/(-8) - (4 - 3). What is the units digit of x(h)?
8
Let v(t) = t - 8. Let c = -3 - 3. Let p(y) = y - 4. Let m(j) = c*v(j) + 11*p(j). What is the units digit of m(3)?
9
Let m(h) = -8*h - 2. Let n be m(-1). Let p(r) = r**2 - 6*r + 15. Let u be p(n). What is the tens digit of 18*10/u*6?
7
Let r(l) = -l**2 + l + 108. Let v be r(0). Let p(d) = d**2 - 2*d - 4. Let n be p(9). Let i = v - n. What is the tens digit of i?
4
Let x(g) = -4*g - 69 + 69. Let d be x(-5). Let w = 21 - d. What is the units digit of w?
1
Let w = -266 + 288. What is the tens digit of w?
2
Suppose -2*o - 864 = 2*o. Let s = 442 + o. What is the tens digit of s?
2
Let r(q) = 4*q**2 + 19*q + 21. Let i(c) = 6*c**2 + 28*c + 31. Let o(y) = -5*i(y) + 7*r(y). Let j be o(-4). What is the tens digit of (-158)/j + (-1)/6?
1
Let o(u) = -10*u**3 + 10*u**2 + 14*u + 27. Let l(s) = -7*s**3 + 7*s**2 + 9*s + 18. Let y(f) = 7*l(f) - 5*o(f). What is the tens digit of y(6)?
2
Suppose 3*a = a. Suppose 6*l - 83 + 5 = a. What is the tens digit of l?
1
Let y(d) be the first derivative of 3*d - 6*d**2 - 1/3*d**3 + 5. What is the units digit of y(-9)?
0
Let w be -13*(-28)/6*(-345)/(-46). Suppose -63*c = -58*c - w. What is the units digit of c?
1
Suppose 0 = o + 4*b - 759, -4*o - 553 = -4*b - 3509. What is the hundreds digit of o?
7
Suppose 3*k + 18 = p + 5*k, -3*p - 5*k = -57. What is the units digit of p?
4
Suppose p + 4 = 7. Let g be ((-32)/(-6))/(p/54). Suppose -4*j = -g - 8. What is the units digit of j?
6
Suppose 6*q = 17*q - 7458. What is the hundreds digit of q?
6
Let d(n) = n**3 + 5*n**2 - 7*n - 4. Let l be d(-6). What is the tens digit of 8/(-16) + 131/l?
6
Suppose 2202 = 5*b + 4*x, -6*b + 1336 = -3*b - 5*x. What is the hundreds digit of b?
4
Let o = -56 + 97. Let d = 198 - o. What is the hundreds digit of d?
1
Let s(f) = f**3 + 16*f**2 + 2*f - 20. What is the hundreds digit of s(-13)?
4
Suppose 5*o - 2*j = -18, 2*o - 24 = 6*o - 4*j. Let q = o - -2. Suppose -5*k - s + q*s = -62, -2*k + 29 = -s. What is the tens digit of k?
1
Suppose 1220 = 4*c + 664. What is the units digit of c?
9
Let j(o) = 9*o**2 - 8*o - 79. What is the tens digit of j(-7)?
1
Suppose g + 223 = 549. Let v be 14/(-42) - g/(-6). Let o = v + -32. What is the tens digit of o?
2
Suppose -4*o - 32 = 2*f + 12, 2*o - 3*f = -38. What is the units digit of (39/o)/(3/(-4))?
4
Let q(y) = -2*y - 6. Let c be q(-5). Suppose -c*p + 3*p = -13. What is the units digit of 4/(-8) + p/2?
6
Let h(q) = q**3 + 4*q**2 - 5*q + 7. Let s be h(-5). Suppose 0 = 11*u - s*u - 716. What is the hundreds digit of u?
1
Let f(s) = -s**3 - 6*s**2 + 8*s + 11. Let n be f(-7). Suppose 4*h + n*k - 101 = -37, 3*h = 3*k + 18. What is the tens digit of h?
1
Let p(i) = i**3 - 7*i**2 + 8*i - 8. Let u be p(7). Suppose 2*k = h + 3*h + u, 0 = -4*k - 5*h + 122. What is the units digit of k?
8
Suppose -3*q - w = 4*w + 3, q + 5*w = -11. Suppose 76 = q*s - 220. What is the tens digit of s?
7
Suppose 2*z - 51 = 25. Suppose -4*l + 5*l = z. What is the units digit of l?
8
Suppose 3*n + 14 = 2*n. Let m = -9 - n. Suppose m*z + 0 = 2*w - 2, -3*w = 3*z - 24. What is the units digit of w?
6
Let s = 767 - -11. What is the units digit of s?
8
Let b = 479 + 669. What is the tens digit of b?
4
Let k be (-1)/(2 - (-9)/(-4)). Suppose -853 = k*s - 117. What is the units digit of ((-1)/2)/(4/s)?
3
Let t = 528 - -3034. What is the units digit of t?
2
Let s be -3 + (-554)/2 + 3. Let b = s + 149. What is the tens digit of (-2)/(-5) - b/5?
2
What is the units digit of 13/(104/48) + -11 - -1382?
7
What is the hundreds digit of 3/(-9) - (-24586)/57?
4
Let h(b) = -5*b + 8. Let d be h(-15). Let y be d/(-2) + (-1)/(-2). Let z = -25 - y. What is the tens digit of z?
1
Let c = -519 + 899. What is the units digit of c?
0
Suppose -128737 + 48152 = -71*t. What is the hundreds digit of t?
1
Suppose 2*d = 4 - 0. What is the units digit of (357/(-14))/(d/(-4))?
1
Suppose 5*w + 400 = 7*w. Let m = w + -118. What is the units digit of m?
2
Let p = 30 + -27. Suppose -25 = -p*z - 5*o, -7 = 3*z - 2*o + 3. Suppose -3*i - t = -154, -52 = -i - z*i - t. What is the units digit of i?
1
Let r be (-3)/(-6) + 6/4. Let i(l) = -r*l**2 + l**2 + 0*l**2 + 0 + 19*l - 1. What is the units digit of i(15)?
9
What is the thousands digit of (3 + 3*-13)*2015/(-26)?
2
Let c = 1006 + 345. What is the tens digit of c?
5
Suppose 5*r = 2*p + r + 32, 0 = -4*p - 3*r - 31. What is the units digit of p*(2 + 48/(-5))?
6
Suppose v = -4*t + 113 - 0, -2*t - 4*v + 60 = 0. What is the units digit of t?
8
What is the tens digit of (-357)/(-204) - (-3089)/4?
7
Suppose -2*t = -3*f + 2*f - 362, 0 = -4*t - 4*f + 724. Suppose 3*h - 146 - t = -3*n, 5*n - 541 = -4*h. What is the units digit of ((-8)/14)/((-15)/n)?
4
Let r = 2 - -19. Let z = r - -129. What is the units digit of z?
0
Suppose n = -4*l + 37, -2*n = -15 + 5. Suppose -6*i = -2*i - l. What is the units digit of 9/i*2/1?
9
Let r(w) = -w**3 - 6*w**2 - 2*w - 12. Let u be r(-6). Suppose 2*c + i - 152 = u, -4*i - 162 = -3*c + c. What is the units digit of c?
7
Let q(x) = 11*x**2 - 21*x - 23. What is the tens digit of q(-2)?
6
Suppose -4*a + 4 = -12. Suppose a*q + 2 = 14. Suppose -t + q*x = 4*t - 29, t - 1 = -x. What is the units digit of t?
4
Let u be -81*-4*4/12. Let q = 168 - u. What is the units digit of q?
0
Let h(q) = -q**3 - 3*q**2 - 2. Let i be h(-3). Let p be (7 + i)*(-32)/(-40). What is the units digit of p/(-2*(-5)/55)?
2
Let i(u) = -u + 15. Let b be i(7). Suppose -2*l + b = 3*p, 4*l - 2*p = p + 16. What is the units digit of l?
4
Let d(q) = q**2 - 7*q + 12. Let p be d(8). Suppose -3306 = 5*j + 1944. What is the units digit of 1/(-2) - j/p?
2
Let w(x) = x**2 + x + 4. Let m be w(0). Suppose 0 = q - m - 7. Let k = 45 - q. What is the units digit of k?
4
What is the hundreds digit of 12 - 5 - 8 - -77*6?
4
Suppose 4*z = 3*z - 5, 3*j = -3*z. Suppose 0 = -2*l + j*l - 27. What is the units digit of l?
9
Let z = -4 + 6. Suppose -5*b = -5*h - 2*b + 789, -2*h + 2*b + 318 = 0. Suppose z*r = -r + h. What is the units digit of r?
2
Suppose 44 = -12*t + 3368. What is the hundreds digit of t?
2
What is the hundreds digit of 1*-1 + 3391 + 50/5?
4
Suppose 0 = 4*u - 89 - 91. Suppose 41*b = u*b - 1268. What is the hundreds digit of b?
3
Let a = 1215 - 360. What is the hundreds digit of a?
8
Let f = 137 + 23. Suppose -2*u + 152 + f = 0. What is the units digit of u?
6
Let r(c) = -280*c - 486. What is the hundreds digit of r(-8)?
7
Suppose -2*m + 1 = q - 3, -4*m - 5*q = 4. Let c = m + 52. What is the tens digit of c?
5
Let n be 394/6 - 12/(-9). Let j = n + -28. What is the units digit of j?
9
Suppose 9 = -3*y, 20 = 4*q + 4*y - 20. Let u be (-2)/6 - 68/(-6). Let p = u + q. What is the tens digit of p?
2
Suppose 65*i - 60*i - m - 9745 = 0, -3*i - 4*m = -5824. What is the units digit of i?
8
Let i(n) = -6*n - 67. Let j be i(-12). Let y(g) be the second derivative of -g**5/20 + 3*g**4/4 - 4*g**3/3 -